 8*t - 9. What is n(3)?
24
Let g(l) = 75*l - 376. What is g(5)?
-1
Let o(u) = 443*u + 3103. Calculate o(-7).
2
Let s(r) = 16*r**2 + 194*r + 18. Give s(-12).
-6
Let z(g) = -47*g - 371. Calculate z(-8).
5
Let w(y) = 168*y + 679. Calculate w(-4).
7
Let o(r) = r**2 + 28*r - 96. What is o(-33)?
69
Let m(u) = 4*u + 190. Determine m(12).
238
Let j(w) = w**2 + 36*w + 40. What is j(-37)?
77
Let j(q) = -33*q**3 - 16*q**2 + 14*q + 25. What is j(2)?
-275
Let v(a) = 2*a**2 - 134*a - 139. Determine v(68).
-3
Let g(r) = -r**3 + 17*r**2 + 18*r - 14. Determine g(17).
292
Let i(b) = -679*b - 1288. Calculate i(-3).
749
Let i(f) = -2*f**3 - 11*f**2 - 23*f - 8. Give i(-5).
82
Let x(h) = 2*h**3 - 21*h**2 + 23*h - 17. Give x(9).
-53
Let k(b) = b**2 + 52*b + 653. Calculate k(-26).
-23
Let o(s) = s**3 - 6*s**2 - 127*s - 11. Calculate o(-9).
-83
Let p(m) = m**3 + 27*m**2 - 186*m - 4. Determine p(5).
-134
Let l(w) = -w**3 - 26*w**2 - 181*w - 3177. Give l(-24).
15
Let l(u) = 8*u**2 + 40*u + 2. What is l(-5)?
2
Let c(n) = 2*n**2 + 57*n + 412. Give c(-15).
7
Let s(h) = -h**3 - 34*h**2 + 240*h + 6. Calculate s(6).
6
Let v(q) = -q**2 - 5*q + 262. Calculate v(14).
-4
Let k(w) = w**3 + 21*w**2 - 5*w - 57. Calculate k(-21).
48
Let k(h) = 154*h - 3842. Give k(25).
8
Let l(u) = u**3 + 622*u**2 + 3103*u + 94. Determine l(-5).
4
Let u(h) = h**3 - 28*h**2 + 71*h + 104. Give u(25).
4
Let t(s) = s**3 + 8*s**2 - 20*s - 184. What is t(-7)?
5
Let q(n) = -n**3 - 389*n**2 + 1599*n + 10604. What is q(-393)?
-7
Let s(p) = -342*p - 22911. Calculate s(-67).
3
Let p(l) = -31*l + 1698. Determine p(55).
-7
Let n(h) = -2*h**3 - 11*h**2 - 36*h - 252. What is n(-8)?
356
Let g(y) = 2*y**2 - 44*y + 64. What is g(18)?
-80
Let o(i) = 4*i**2 + 218*i - 124. Calculate o(-55).
-14
Let x(f) = 2*f**2 - 15*f - 18. Determine x(-3).
45
Let x(u) = 1075*u - 3225. Determine x(3).
0
Let w(f) = -4*f**2 - 21*f + 89. Determine w(3).
-10
Let s(k) = k**3 + 30*k**2 + 54*k - 23. Give s(-28).
33
Let s(t) = 932*t - 3290. Give s(4).
438
Let y(m) = 304*m - 27667. Determine y(91).
-3
Let j(o) = -132*o - 6373. What is j(-48)?
-37
Let h(d) = d**3 - 13*d**2 - 110*d + 1425. Give h(12).
-39
Let h(o) = 315*o - 1926. What is h(6)?
-36
Let v(w) = -53*w + 391. Calculate v(6).
73
Let s(p) = p**2 - 273*p + 7499. Determine s(31).
-3
Let d(x) = 16*x**2 + 157*x + 230. Determine d(-8).
-2
Let q(x) = x**2 + 61*x + 435. Calculate q(-9).
-33
Let o(q) = 2*q**2 - 236*q + 6671. What is o(71)?
-3
Let d(s) = s**3 - 57*s**2 - 181*s + 36. Give d(60).
-24
Let a(v) = v + 71. Give a(-8).
63
Let p(b) = 2*b**2 + 60*b + 59. Determine p(-26).
-149
Let g(b) = 5*b**3 + 3*b**2 - b - 4. Give g(2).
46
Let d(p) = -p - 40. Determine d(-28).
-12
Let b(x) = -63*x + 103. What is b(4)?
-149
Let r(i) = -1083*i - 16235. Calculate r(-15).
10
Let b(m) = 46*m - 75. Give b(6).
201
Let w(t) = -12*t**2 - 15*t + 19. What is w(1)?
-8
Let v(j) = 2*j**3 + 19*j**2 - 1037*j - 7510. Determine v(-7).
-6
Let y(g) = -g**3 - 188*g**2 + 37*g + 6958. What is y(-188)?
2
Let y(f) = -2*f**2 + 183*f - 390. Calculate y(89).
55
Let i(g) = 3*g + 3. Calculate i(-15).
-42
Let u(x) = x**2 + 81*x + 1161. What is u(-60)?
-99
Let p(h) = -h**3 - 11*h**2 + 36*h + 180. What is p(-12)?
-108
Let d(p) = 472*p**2 + 2854*p + 141. What is d(-6)?
9
Let x(h) = -39*h**2 + 124*h + 127. What is x(-1)?
-36
Let n(w) = -150*w + 1956. Give n(13).
6
Let d(k) = -6*k**2 - 45*k - 80. What is d(-5)?
-5
Let u(c) = -662*c - 180067. Give u(-272).
-3
Let n(s) = s**3 - 28*s**2 - 50*s - 296. Calculate n(30).
4
Let u(i) = i**3 + 21*i**2 + 21*i + 29. Determine u(-20).
9
Let v(y) = y**3 + 19*y**2 - 58*y + 25. Give v(2).
-7
Let d(r) = -3*r**3 + 200*r**2 - 132*r - 4. Calculate d(66).
-4
Let o(l) = -l**3 + 18*l**2 - 42*l - 12. Calculate o(15).
33
Let w(b) = 1036*b + 73553. What is w(-71)?
-3
Let v(q) = 2*q**3 - 24*q**2 + 22*q - 32. Determine v(11).
-32
Let o(a) = -5*a**3 - 9*a**2 - 137*a - 272. What is o(-2)?
6
Let x(g) = -33*g + 215. What is x(9)?
-82
Let g(l) = l**2 - 21*l - 226. What is g(29)?
6
Let z(o) = -2*o**2 - 70*o + 69. Give z(-35).
69
Let m(j) = -j**2 + 53*j + 626. Calculate m(-10).
-4
Let x(t) = 626*t + 3132. Determine x(-5).
2
Let s(t) = -4*t - 400. Calculate s(-41).
-236
Let m(q) = 279*q + 1118. What is m(-4)?
2
Let f(a) = -15*a**2 + 9*a + 7. Calculate f(3).
-101
Let g(f) = f**3 - 11*f**2 + 33*f - 69. Give g(8).
3
Let k(w) = w**3 - 6*w**2 - 37*w + 4. What is k(9)?
-86
Let p(x) = -x**2 + 57*x - 127. What is p(54)?
35
Let n(p) = p**2 + 107*p + 716. What is n(-7)?
16
Let z(j) = 23*j + 2345. Determine z(-106).
-93
Let i(g) = -g**3 + 54*g**2 + 168*g + 251. Calculate i(57).
80
Let i(f) = 5*f**3 - 3*f**2 - 16*f + 29. What is i(2)?
25
Let v(i) = -i**3 + 19*i**2 + 21*i + 136. Determine v(21).
-305
Let t(l) = 1690*l + 32160. Give t(-19).
50
Let w(g) = -216*g + 63. Determine w(2).
-369
Let d(f) = f**3 + 4*f**2 + 22*f + 101. Give d(-5).
-34
Let c(b) = 385*b + 2781. Give c(-7).
86
Let m(g) = 14*g + 22. What is m(5)?
92
Let h(i) = i**3 - 50*i**2 - 52*i - 103. Calculate h(51).
-154
Let k(j) = 3*j**3 - 3*j**2 - 59*j - 8. Determine k(6).
178
Let z(q) = -q**3 + 115*q**2 + 1382*q - 35. Calculate z(-11).
9
Let w(g) = -18*g - 8. Give w(3).
-62
Let l(f) = 136*f + 13803. What is l(-101)?
67
Let w(b) = -44*b**2 + 306*b. Give w(7).
-14
Let z(c) = c + 303. Give z(-8).
295
Let s(i) = -23*i**3 - 6*i**2 - 9*i - 3. Determine s(-1).
23
Let i(q) = 2*q**3 - 7*q**2 + 569*q - 1133. Give i(2).
-7
Let x(u) = -33*u**3 + 9*u**2 + 18*u - 1. Give x(-2).
263
Let y(k) = 2*k**3 + 3*k**2 - 64*k - 129. What is y(-2)?
-5
Let r(w) = -4*w**2 - 162*w + 810. Determine r(-45).
0
Let h(o) = 42*o**2 - 1216*o - 54. Give h(29).
4
Let r(o) = 2*o**3 - o**2 + 8*o - 7. What is r(1)?
2
Let r(a) = -8*a - 79. Determine r(6).
-127
Let d(g) = -34*g**2 + 70*g - 71. Give d(1).
-35
Let k(j) = -j**2 - 122*j + 2995. Give k(21).
-8
Let r(j) = -j**2 + 384*j - 19668. Determine r(61).
35
Let z(k) = -5*k**2 + 17*k + 78. Calculate z(-8).
-378
Let f(c) = -3*c**2 - 7*c + 13. Determine f(-3).
7
Let h(m) = 57*m + 565. Give h(-12).
-119
Let c(u) = 3*u + 271. What is c(20)?
331
Let k(x) = 25*x**2 - 14*x + 28. Determine k(4).
372
Let v(k) = k**2 + 1363*k - 20659. Calculate v(15).
11
Let v(b) = -b**3 - 7*b**2 + 52*b + 540. Determine v(-8).
188
Let j(k) = -171*k**3 - 119*k**2 + 2*k + 1. Calculate j(-1).
51
Let o(f) = -41*f + 1261. Give o(29).
72
Let t(b) = b**2 + 281*b - 3856. Give t(13).
-34
Let z(t) = -t**3 - 43*t**2 + 74*t + 1346. Calculate z(-44).
26
Let l(r) = -73*r - 2120. Calculate l(-29).
-3
Let z(f) = -2*f**2 - 61*f + 32. What is z(-31)?
1
Let m(c) = 6325*c - 31610. What is m(5)?
15
Let v(s) = -7*s**2 - 9*s - 3. What is v(-4)?
-79
Let l(o) = -2*o**3 + 37*o**2 + 147*o - 24. Calculate l(22).
-178
Let m(n) = 313*n - 10283. What is m(33)?
46
Let p(j) = j**2 - 28. Give p(-5).
-3
Let w(n) = 2*n**3 + 82*n**2 - 1142*n - 34. What is w(11)?
-12
Let k(x) = -3*x**2 + 178*x - 481. Determine k(56).
79
Let i(r) = r**3 + 15*r**2 - 30*r - 43. What is i(-8)?
645
Let l(a) = -2*a**2 - 61*a + 158. Determine l(-33).
-7
Let t(j) = -2*j**3 + 130*j**2 - 374*j + 133. Calculate t(62).
9
Let b(c) = -8*c**3 + 206*c**2 + 48*c + 106. Calculate b(26).
2
Let a(b) = -b**2 + 12*b + 457. What is a(28)?
9
Let v(i) = -118*i + 1168. What is v(10)?
-12
Let r(h) = -4*h**2 - 267*h - 94. Give r(-64).
610
Let g(d) = 134*d**3 - 2*d**2 + 6*d - 4. Calculate g(1).
134
Let h(a) = a**3 + 143*a**2 + 1456*a + 36. Give h(-11).
-8
Let g(h) = -h**3 + 102*h**2 - 196*h - 391. Give g(100).
9
Let t(l) = -l**3 + 24*l**2 - 26*l + 48. Give t(23).
-21
Let q(s) = 6*s**2 + 749*s + 596. Give q(-124).
-24
Let z(j) = 3*j**3 + 33*j**2 + 6*j - 14. Determine z(-11).
-80
Let s(a) = -52*a + 166. Determine s(5).
-94
Let b(l) = -176*l + 12001. Determine b(68).
33
Let q(p) = 4*p**2 - p + 22. What is q(6)?
160
Let i(f) = f**2 - 86*f - 1866. Give i(-18).
6
Let s(p) = p**3 - 29*p**2 + 102*p - 70. Calculate s(25).
-20
Let z(w) = -4*w**2 - 428*w + 9. Give z(-107).
9
Let f(g) = 19*g - 860. Give f(42).
-62
Let g(o) = -o**3 + 2*o**2 - 5*o - 2. Give g(1).
-6
Let w(x) = 134*x**2 + 658*x - 3. Calculate w(-5).
57
Let r(a) = -4*a**3 - 32*a**2 - 11*a + 2. Calculate r(-8).
90
Let d(f) = 177*f + 1712. Determine d(-9).
119
Let k(o) = 65*o + 4548. Calculate k(-69).
63
Let x(i) = -i**2 